0. Let g = -31 - n. What are the prime factors of g?
17
Let k(b) = -b + 1. Let m(l) = -l**2 + 9*l - 7. Let o(a) = -4*k(a) - m(a). Let h be o(4). Let n = 7 - h. What are the prime factors of n?
2
Suppose 53 = 4*v + 3*c + 20, 0 = 2*v - c - 29. Suppose 0*h + v = 4*h. List the prime factors of (-8)/(-1) + (2 - h).
7
Let o = 16 - 15. Suppose -3*x + 50 = -5*h + o, -2*h = 3*x - 14. What are the prime factors of x?
2
Let s be (0 + 5)*(3 + -2). Suppose -92 = -4*h - 5*a, 87 = 4*h - a - s. What are the prime factors of h?
23
Let s(a) = 6*a**2 - 7*a + 0 + 0*a**3 + a**3 - 5. List the prime factors of s(-6).
37
Suppose -4*s = 3*c - 82, -3*c = c + 8. Let u = 37 - s. List the prime factors of u.
3, 5
Let k(j) = j**2 + 6*j - 20. Let d be k(-15). Suppose -7 = 4*l - d. What are the prime factors of l?
3
Let l(y) = 2*y. Let k be (3/(-6))/((-2)/24). What are the prime factors of l(k)?
2, 3
Let x = 63 + 47. List the prime factors of x.
2, 5, 11
Suppose 47 = -5*o - 2*m - 13, -o + 4*m + 10 = 0. Let d be 4/(-3)*15/o. Suppose -v = -d*v - 4*g + 13, 0 = -2*g + 4. What are the prime factors of v?
5
List the prime factors of 34 + (2 - 3/1).
3, 11
Let h = 68 + -51. List the prime factors of h.
17
Suppose 0 = w - 0*w - 7. Suppose -9*g = -w*g - 64. Suppose 3*y - n - g = 1, n - 63 = -5*y. List the prime factors of y.
2, 3
Let y(r) = -10*r + 1. Let w be y(-2). Suppose 3*p = -d + 37, 3*p = d + 8 - w. What are the prime factors of d?
5
Let b(h) = -32*h - 16. List the prime factors of b(-4).
2, 7
Suppose -4*s - 2*d + 8 = 0, 0 = -2*s - 5*d - 3 - 9. Suppose s*m = -m + 15. List the prime factors of m.
3
Suppose 2*w = 4, 0*s + 54 = 2*s + w. What are the prime factors of s?
2, 13
Let j(m) = -m**3 + 12*m**2 - 18*m + 12. What are the prime factors of j(9)?
3, 31
Let x = -1 + 3. Let l = x - 0. Let z = 6 + l. List the prime factors of z.
2
List the prime factors of 4 - (-3)/((-3)/(-53)).
3, 19
Suppose -3*w + 3*t + t = -61, 3*t = w - 27. List the prime factors of w.
3, 5
Let u be 8/(-10)*(-25)/(-2). Let q be 4/6*75/u. Let k(o) = o**3 + 6*o**2 + 4*o + 3. What are the prime factors of k(q)?
2
Let d = 191 - 73. What are the prime factors of d?
2, 59
Let m(x) = x + 13. Let f = -8 + 8. List the prime factors of m(f).
13
List the prime factors of (-1)/4 + -425*6/(-24).
2, 53
Let s(k) be the first derivative of k**4/4 - k**3 - k**2 - 3*k + 3. Let m be s(-2). Let n = m + 32. List the prime factors of n.
13
Suppose 3*y + 29 - 140 = 0. List the prime factors of y.
37
Let v(j) = 5*j**3 + 2*j**2 - j. Let r be v(1). Suppose 3*o + 59 = 5*g, r*g + 3*o - 71 = g. What are the prime factors of g?
13
Let o(s) = -s**3 - 13*s**2 + 35*s - 5. List the prime factors of o(-16).
7, 29
Suppose -p = 2*g - 0*p - 4, -5*g + 10 = -3*p. Suppose 5*l + 10 = 2*t, 2*l + 36 = 2*t + g*t. What are the prime factors of t?
2, 5
Let n = -24 + 48. List the prime factors of n.
2, 3
Let y = -4 - -12. Let k(r) = 3*r + 6. What are the prime factors of k(y)?
2, 3, 5
Suppose 4*x - 5*z = 20, x + z + 1 = -3. Let i = 30 - x. What are the prime factors of i?
2, 3, 5
Suppose 4*t + n + 19 = -0*n, 2*t - 3*n - 1 = 0. What are the prime factors of t/14 - 1106/(-98)?
11
List the prime factors of (55/(-15))/(4/(-12)).
11
Suppose -4*l + 20 = -0*g + g, -5*g + 28 = 2*l. Suppose 28 = 4*w + 4*t - 16, -g*w - 2*t = -50. List the prime factors of w.
2, 7
Let l be 66/15 - (-2)/(-5). Suppose -3*y + 5 = -k, -5 - 5 = -l*k + 2*y. Suppose -4*u + 52 = 4*i, 3*i + 0*i - k*u - 4 = 0. List the prime factors of i.
2
Suppose 5*u = u + 316. Suppose 2*c - u = -0*c - 3*q, 5*c - 170 = -2*q. What are the prime factors of c?
2
Let t(s) = 3*s**2 - 30*s - 9. List the prime factors of t(11).
2, 3
Let r(d) = 5*d**2 + 0*d - 3 + 4*d**2 - d + 4. What are the prime factors of r(1)?
3
Let v be ((-21)/5)/((-6)/(-60)). Let a = -23 - v. List the prime factors of a.
19
Let q be 25 - ((-1)/1 - 1). Suppose q + 48 = 5*m. List the prime factors of m.
3, 5
Suppose 11*g = 14*g - 39. What are the prime factors of 13/g*(-1 + 30)?
29
Let h(r) = -r**3 + 21. List the prime factors of h(0).
3, 7
Suppose o + 5*j - 8 - 8 = 0, o - 1 = -2*j. Let a be (1 + -2)/(-8 - o). Let t(v) = 8*v**2. List the prime factors of t(a).
2
Let w(f) be the first derivative of f**3/3 + 9*f**2/2 + 11*f - 1. Let k be w(-8). Suppose -5*o + 4*j + 23 = 0, -k*o + 6*o - 7 = -j. List the prime factors of o.
3
Let o be (-3)/9 + 56/6. Let h = o - 2. List the prime factors of h.
7
Let a(u) = -u**2 + 14*u + 11. List the prime factors of a(12).
5, 7
Suppose -3*o = k + 3, 0 = k + 3*o - 2*o + 3. Let s be 1/((k + 0)/(-3)). Let j(c) = 9*c**2 - c. List the prime factors of j(s).
2
Let c = 178 + -60. List the prime factors of c.
2, 59
Let i(c) = -5*c - 12. Let w be i(-12). Suppose 3*p - p = w. List the prime factors of p.
2, 3
Let m(w) = w + 30. List the prime factors of m(-13).
17
Let f(i) = -i**2 + 5*i - 2. Let l be f(4). Suppose l*v = 18 + 18. What are the prime factors of v?
2, 3
Let x(b) = 4*b**2 + b - 2. Suppose -4 = -5*u - 24. Let c = u + 2. What are the prime factors of x(c)?
2, 3
Let p be 1/1 - -3*11. Let b(h) = h - 15. Let n be b(-9). Let y = p + n. List the prime factors of y.
2, 5
Suppose 0*f - 5*f = 15. Let o = f + 2. What are the prime factors of 0 - 4*(-4 - o)?
2, 3
Let a be (-1)/3 + 46/(-6). Suppose -6*b = -7 + 1. Let j = b - a. List the prime factors of j.
3
What are the prime factors of (1 + 9/(-6))*-44?
2, 11
Suppose 84 - 17 = 5*r - 2*v, 8 = 2*v. Suppose -3*q - r = 2*o + 11, -3*o - 5*q = 37. Let f = o + 28. List the prime factors of f.
3
Suppose n = -3*n - 216. Let d = n - -76. List the prime factors of d.
2, 11
Suppose -2*g - 2*g + 2*t + 664 = 0, 0 = 2*g - 5*t - 340. List the prime factors of g.
3, 5, 11
Suppose -2*x + 7*x - 45 = 0. Let s = x - 5. Suppose s*h + 4*d = 60, -h - d = -5*d + 5. List the prime factors of h.
11
Let s(q) be the second derivative of -q**4/8 + q**3/6 - 2*q**2 + q. Let v(d) be the first derivative of s(d). What are the prime factors of v(-2)?
7
Let b = -41 - -41. Let m(h) = -h + 7. Let y be m(5). Suppose -2*f - 2*z + 26 = b, -y*f + 4*z = 2 + 2. List the prime factors of f.
2
Let w = 21 - 7. Suppose -b + 3*q - 6 = 0, b + 3*b + 15 = 3*q. What are the prime factors of (b - -4)/(2/w)?
7
Let x(q) = -q**3 + 19*q**2 + 23*q + 36. List the prime factors of x(20).
2, 3
Let k(h) = 4*h + 2. List the prime factors of k(9).
2, 19
Let l be (1/(-1))/(3/(-45)). Let g = l + -3. What are the prime factors of g?
2, 3
Let f = -16 - -17. Let x(g) = 2*g**3 + g. What are the prime factors of x(f)?
3
Suppose 0 = 4*r - 2*g - 796, -2*r - 3*r = -5*g - 1005. List the prime factors of r.
197
Let m(b) = -11*b - 15. List the prime factors of m(-6).
3, 17
Let m(o) = -o**3 + 4*o**2 - 4*o + 2. Let s be m(2). Let b be (-2 + -1)/((-3)/s). List the prime factors of (17/4)/(b/8).
17
Let l(v) = v**2 + 7*v - 4. Let o be l(-8). Suppose 18 = 3*b - 2*k, -14 = -o*b + 4*k + 14. Suppose 2*h + 44 = b*h. List the prime factors of h.
2, 11
Let k(w) = -w**2 - 8*w - 7. Let s be k(-6). What are the prime factors of (s/(-10))/(1/(-44))?
2, 11
Let y(s) be the first derivative of -s**3/3 - 4*s**2 - 3*s - 2. List the prime factors of y(-6).
3
Let x = -7 + 7. Suppose -2*d + 2 = x, -8*w = -4*w + 4*d - 16. List the prime factors of w.
3
Suppose 0 = 4*u - j + 25, 2*j - 10 + 0 = 0. List the prime factors of (u/10)/((-3)/24).
2
Suppose 0*p - 3*p + 15 = 0. Let w(c) = -c**3 + 5*c**2 + 3*c - 1. What are the prime factors of w(p)?
2, 7
Let h(a) = 2*a**3 + 3*a**2 + 7*a - 5. Let o(m) = m**3 + m**2 + 4*m - 2. Let b(q) = -3*h(q) + 5*o(q). List the prime factors of b(-4).
3
Suppose -9*i + 14900 = -4*i. List the prime factors of (-6)/(-14) + i/70.
43
Suppose -c = -0*c - 17. Suppose 5*s - 36 = -4*z, z = s + s - c. What are the prime factors of s?
2
Let a(m) = 3*m - 7. Let b be a(9). What are the prime factors of -10*(-4)/b*14?
2, 7
Suppose 3*b - 1 = 4*b, -4*s + 138 = -2*b. Suppose -3*v = -4*m + 8, 5*v - s = -2*m - 4. List the prime factors of v.
2
Let u = 24 + -24. Suppose 25 = -u*k + k. What are the prime factors of k?
5
Suppose -736 = -5*l + t, -5*l - 3*t + 756 = t. What are the prime factors of l?
2, 37
Suppose 0 = -5*k - 31 + 121. What are the prime factors of k?
2, 3
Let q(m) = 2*m**2 - 7*m - 9. What are the prime factors of q(10)?
11
Let j = -17 + 37. Suppose -4*d